s 30213 (base 7) in base 6?
53503
104769 (base 15) to base 2
10111101000110010101
Convert -1100101011111001 (base 2) to base 5.
-3130321
-89960 (base 15) to base 4
-1222303302
What is -12233123 (base 4) in base 5?
-1340421
Convert -37319a (base 11) to base 10.
-589863
-303323101 (base 4) to base 9
-353671
Convert 5d6a2c (base 14) to base 4.
30032331100
What is 20011100120 (base 3) in base 2?
11101100110111000
121032010 (base 4) to base 2
11001001110000100
-898427 (base 13) to base 16
-31866e
Convert -49cba (base 14) to base 15.
-388d6
11d0d5 (base 16) to base 4
10131003111
What is -cc34 (base 14) in base 3?
-1210110101
50316 (base 13) to base 10
143331
Convert -4160570 (base 9) to base 3.
-11012000122100
What is 1011100101111111 (base 2) in base 14?
1343d
Convert -3110530 (base 7) to base 9.
-626771
Convert -185406 (base 9) to base 5.
-12144022
Convert 2160544 (base 7) to base 15.
540ad
What is 103293 (base 11) in base 13?
5a382
What is 112201300000 (base 4) in base 16?
5a1c00
What is -711a6 (base 11) in base 10?
-104055
10021200011 (base 3) to base 2
1111110010000010
Convert -4717567 (base 9) to base 16.
-26edc5
What is 13021231003 (base 4) in base 12?
764b17
What is 313123031 (base 4) in base 5?
24231041
Convert 44334134 (base 5) to base 8.
1363352
Convert -10001100010000111000100 (base 2) to base 12.
-1657998
Convert -10000201000200 (base 3) to base 14.
-2dc10c
What is 1865167 (base 12) in base 3?
100121121111021
Convert 10000101010100011010011 (base 2) to base 12.
1568157
-446063 (base 7) to base 8
-232127
Convert -102241040 (base 7) to base 15.
-7e5ac8
What is 42a33e (base 15) in base 12?
1090442
Convert 102512 (base 7) to base 13.
8102
What is -64301e (base 15) in base 11?
-2767a48
Convert -118051 (base 10) to base 8.
-346443
What is 40244304 (base 6) in base 3?
2010222210011
3488888 (base 9) to base 13
5120b4
4935a (base 14) to base 16
2bb54
Convert 2c02c5 (base 13) to base 2.
100001001000101111001
What is 1217421 (base 8) in base 12?
142295
What is 2625231 (base 7) in base 6?
11202533
What is 76a188 (base 11) in base 6?
42200322
What is -344435402 (base 6) in base 8?
-30257572
What is 352335 (base 7) in base 8?
173465
Convert -8522c0 (base 13) to base 2.
-1011111001001111010101
101b6b (base 13) to base 6
12014050
Convert -144420 (base 7) to base 16.
-6d59
-13231003 (base 5) to base 11
-9112a
Convert 139231 (base 11) to base 4.
311002031
1102131220 (base 4) to base 8
1223550
Convert dc041 (base 15) to base 4.
2222210332
What is -144468 (base 13) in base 9?
-834116
-c04455 (base 13) to base 12
-15b3b36
What is 7a3133 (base 15) in base 8?
26177121
Convert 1245122 (base 7) to base 4.
213231113
What is 343424121 (base 5) in base 4?
11321111000
What is 312a (base 11) in base 3?
12200120
Convert 3555431 (base 7) to base 13.
12a322
Convert 12a6c1 (base 13) to base 4.
1232033210
Convert -9e98 (base 16) to base 15.
-c06a
What is 1332031 (base 4) in base 5?
224302
What is 2231042121 (base 5) in base 13?
103c860
Convert -102122011201 (base 3) to base 9.
-378151
-122110110211 (base 3) to base 10
-343705
55888 (base 11) to base 13
2aaac
2614157 (base 8) to base 2
10110001100001101111
What is 126542044 (base 7) in base 9?
16405837
137348 (base 10) to base 4
201202010
Convert 4038127 (base 10) to base 12.
1428a67
What is 12341204 (base 5) in base 14?
32377
Convert -895a1 (base 12) to base 6.
-3523521
Convert -111012201323 (base 4) to base 3.
-101102001011102
-2124043 (base 5) to base 9
-54524
Convert -365222 (base 12) to base 15.
-125a7b
What is -15650324 (base 9) in base 7?
-123350545
What is 2750142 (base 8) in base 12?
314082
-220111012110200 (base 3) to base 6
-1142540030
Convert 31307774 (base 9) to base 5.
12324010412
26341484 (base 9) to base 10
12959104
20101002011012 (base 3) to base 8
14727247
-30111022 (base 4) to base 15
-ee71
What is -11111200011221 (base 3) in base 2?
-1001001000101100010010
Convert 302020021 (base 5) to base 2.
100100110000010100010
Convert 63710c (base 16) to base 12.
22234b8
100101101011111111001 (base 2) to base 7
13332254
1a2cc (base 13) to base 2
1100011101011101
Convert -583698 (base 13) to base 6.
-112504203
-4001320 (base 7) to base 8
-1630074
What is -1323212321 (base 4) in base 2?
-1111011100110111001
c2375 (base 16) to base 11
4a3750
1419501 (base 12) to base 9
7504081
Convert -608850 (base 11) to base 14.
-1b6597
1c9505a (base 13) to base 12
3246a56
Convert 113a81 (base 11) to base 8.
541370
11100101111101001 (base 2) to base 13
41789
3324430 (base 5) to base 12
2976b
-1241233 (base 5) to base 16
-5ff8
205043 (base 9) to base 11
83551
-141134002 (base 6) to base 4
-22321320302
10211100201 (base 3) to base 13
283b1
1121011120 (base 3) to base 10
31470
Convert 110123 (base 9) to base 5.
4100322
Convert 4172e4 (base 15) to base 10.
3112414
Convert 321313333 (base 4) to base 15.
4a38a
386a7 (base 13) to base 9
168201
Convert -227517 (base 9) to base 12.
-67174
What is 2201443242 (base 5) in base 2?
10001111111111111101100
-ac97cd (base 14) to base 8
-26300011
-14896 (base 15) to base 5
-4103231
What is 3353645 (base 9) in base 7?
21234122
Convert -11132231002 (base 4) to base 6.
-50442214
Convert -2220022001021 (base 3) to base 2.
-101111000010000010100
-62a4a5 (base 11) to base 9
-1807683
9c64 (base 13) to base 5
1200013
Convert 12203301 (base 5) to base 3.
12220020010
2c714 (base 16) to base 5
21311121
What is 375ae (base 16) in base 12?
ab266
-4b4d3a (base 14) to base 3
-11212110022102
1766047 (base 14) to base 3
210201100201120
Convert -2172a (base 14) to base 5.
-10042421
Convert 11041434 (base 5) to base 8.
274356
Convert 230103221 (base 4) to base 8.
542351
What is 2c86b (base 14) in base 2?
11011001100111111
Convert 20213240 (base 5) to base 6.
3301134
Convert 71132c (base 14) to base 2.
1110100001010101011100
What is -8647276 (base 9) in base 16?
-46c2d8
1011100001110011 (base 2) to base 14
132cb
What is 100010010100 (base 2) in base 8?
4224
What is -91126a (base 14) in base 15?
-66680c
Convert 101a778 (base 11) to base 16.
1b78fc
3356 (base 14) to base 2
10001011000000
Convert -4b6bc (base 13) to base 4.
-202010330
Convert -3400444 (base 5) to base 13.
-2110b
4167707 (base 8) to base 15
16dd24
What is 22012012120101 (base 3) in base 11?
2504255
334947 (base 12) to base 14
173a2b
-614002 (base 7) to base 16
-198a9
Convert -f8380 (base 16) to base 3.
-1220122122201
4956bb (base 12) to base 16
122eaf
-109ac82 (base 14) to base 10
-7905186
Convert ab0a2 (base 12) to base 14.
5c77c
What is -2232443041 (base 5) in base 13?
-104c66c
What is 1095b5 (base 13) in base 11?
248618
What is 2316dd (base 14) in base 7?
13104666
1001011110011110001 (base 2) to base 10
310513
-20200001101022 (base 3) to base 12
-122aa8b
Convert -55131054 (base 6) to base 14.
-30b630
Convert 431d2 (base 14) to base 6.
3251140
Convert -111011000101110110110001 (base 2) to base 5.
-12431143411
-44011424 (base 5) to base 2
-1011011110000111000
Convert 2125 (base 16) to base 14.
3141
Convert de24 (base 15) to base 16.
b7d3
Convert -1355210 (base 6) to base 11.
-53356
What is -22302112 (base 5) in base 3?
-101000110010
2323122 (base 4) to base 5
340434
What is 1234e3d (base 15) in base 3?
220121102120211
1523060 (base 8) to base 9
733667
What is -2777531 (base 9) in base 7?
-15661621
1425600 (base 12) to base 8
17303440
121122020202 (base 3) to base 5
40440003
Convert -10001001010101101100 (base 2) to base 10.
-562540
What is -38399 (base 10) in base 15?
-b59e
What is -15776 (base 13) in base 3?
-2002000002
-972b2a (base 12) to base 14
-462c5c
Convert -746111 (base 11) to base 13.
-32a643
97450 (base 10) to base 13
35482
-2061861 (base 12) to base 4
-113101012021
-a94589 (base 11) to base 14
-3371cd
What is 31003214 (base 5) in base 6?
5211230
1396264 (base 10) to base 11
874041
Convert -3522105 (base 6) to base 13.
-64a54
10022001111 (base 3) to base 15
14381
-2411340340 (base 5) to base 6
-315251422
What is -5556402 (base 9) in base 16?
-2d9f83
Convert 210210123 (base 4) to base 14.
3c831
1c4168 (base 14) to base 8
3664640
What is 1d45bb (base 14) in base 16?
100309
What is 20440564 (base 9) in base 3?
200111100122011
-23200222100 (base 4) to base 13
-818528
Convert -2317751 (base 8) to base 15.
-c6d5b
What is 1520675 (base 8) in base